 Suppose -5*t + 20 = w, r - t = 2*t + 8. Calculate the remainder when 38 is divided by r.
18
Suppose 2*r = 5*r - 3. Let f(d) = 7*d - 1. Let q be f(r). Suppose -5*s = -84 - q. Calculate the remainder when s is divided by 10.
8
Calculate the remainder when 24 is divided by 24/(-12)*(-7)/2.
3
What is the remainder when ((-5)/(-2) + -4)/((-1)/26) is divided by 14?
11
Let y = -25 - -48. Calculate the remainder when y is divided by 13.
10
Let m = 4 - 6. What is the remainder when (0 + -130)/(0 + m) is divided by 22?
21
Let s(r) = -r**3 - 6*r**2 - r + 6. Suppose b + 0*o + 2*o = 7, 0 = -4*b - 2*o + 22. What is the remainder when s(-6) is divided by b?
2
Let m(r) be the third derivative of r**5/60 - r**4/6 + r**3/6 - 5*r**2. Calculate the remainder when 49 is divided by m(6).
10
Let c(v) = -v**3 - 16*v**2 - 4*v + 24. What is the remainder when c(-16) is divided by 18?
16
Let q(z) = -z**2 - 12*z + 10. What is the remainder when 89 is divided by q(-7)?
44
Suppose -5*x - i + 326 = 62, 5*x - 256 = i. Suppose -t + x = -9. Calculate the remainder when t is divided by 21.
19
Suppose 13*x - 596 = 353. Let q(r) = 19*r**2 + r + 1. What is the remainder when x is divided by q(-1)?
16
Suppose -9 = -0*d - 3*d. Suppose -24 = -2*y + 2*h, -2*y - 9 = d*h - 38. Calculate the remainder when y is divided by 7.
6
Suppose -3*i = -2*i. Suppose i = -2*h - 4*a - 20, -2*h - a + 4*a = -15. Suppose h = -3*r + r + 88. What is the remainder when r is divided by 15?
14
Let q(m) = -m**2 - 24*m - 22. Calculate the remainder when q(-12) is divided by 18.
14
Calculate the remainder when (-252)/(-4) - (-4 - 0) is divided by 35.
32
What is the remainder when ((-14)/(-35) - (-7)/(-5)) + 10 is divided by 6?
3
Let q = -40 - -54. Calculate the remainder when 53 is divided by q.
11
Suppose 0 = -h + 8 - 3. Let r(v) = v**3 - 4*v**2 - 3*v + 4. What is the remainder when 39 is divided by r(h)?
11
Suppose t = 1 + 1. What is the remainder when 25 is divided by (t + (-11)/1)*-1?
7
Let f(o) = o**3 - 5*o**2 - 8*o - 7. Let h be f(7). Suppose -4*t - t + a = -h, -20 = 4*a. Calculate the remainder when ((-2)/4)/((-1)/22) is divided by t.
5
What is the remainder when 39 is divided by 1*-7*(-80)/56?
9
What is the remainder when 82 is divided by -11*(-255)/65 + 2/(-13)?
39
What is the remainder when 93 is divided by ((3 + -3)/(-1))/(-2) + 32?
29
Let d(z) = -z**2 + 7*z + 2. Let q(o) = o**3 + o**2 + 64. Let i be q(0). Calculate the remainder when i/3 + 4/6 is divided by d(6).
6
Suppose -4*n = -3*n + 4. Let i = 8 - 5. Calculate the remainder when n/10 - 168/(-20) is divided by i.
2
Let j = -14 + 22. Suppose -j = -y - 3*y. What is the remainder when y is divided by 2?
0
Suppose t + 2 = 16. Let r(w) = -12*w - 1. Let k be r(-1). Let c = k + -6. Calculate the remainder when t is divided by c.
4
Let b = 259 + -107. What is the remainder when b is divided by 26?
22
Suppose 0*z - 6 = -3*z. Suppose -3*j = -z*j - 4. Suppose i + i = k + 8, -i + 3*k + j = 0. Calculate the remainder when 10 is divided by i.
2
Suppose 3*s + s = -5*f + 205, 4*f = -s + 153. Calculate the remainder when f is divided by 10.
7
Calculate the remainder when (-336)/(-18)*(-9)/(-4) is divided by (8 - 19)/(-1 + 0).
9
Let b = 12 + 2. Suppose -79 = 4*t - 8*t - 5*w, t = w + 31. What is the remainder when t is divided by b?
12
Suppose -5*b - 6 = -51. Let a be (6 - 2)/(6/b). What is the remainder when (4/a)/((-4)/(-234)) is divided by 20?
19
Let x = 8 - 4. Suppose -5*o + x = -6. Suppose 26 - 6 = 4*h. What is the remainder when h is divided by o?
1
Calculate the remainder when 46 is divided by (1/(-3))/((-1)/75).
21
Let d = -1 - -6. Suppose -20 = m - d*m. Suppose 0 = 4*r - 6 - 2. Calculate the remainder when m is divided by r.
1
Let g(j) = -6*j + 18. Calculate the remainder when g(-6) is divided by 11.
10
Suppose -3*n - 3 = 0, 3*f - 4*f - 4*n + 7 = 0. Let s(h) = -h + 7. Let c be s(8). What is the remainder when (-116)/(-4) - c*2 is divided by f?
9
Let h(l) = -18*l - 1. Let a be h(-1). Let w = a - 8. Calculate the remainder when w is divided by 6.
3
Suppose 3*n = 4*c + 74, 0 = -4*n + c - 5*c + 80. Suppose 5*o = -3*k + 2*o + 24, -k - 5*o + 8 = 0. What is the remainder when n is divided by k?
6
Let m = 298 + -180. Calculate the remainder when m is divided by 32.
22
Let n(k) = -k + 10. Let p be (-4)/(-6) + 6/(-9). Let l = 48 + -20. Calculate the remainder when l is divided by n(p).
8
Suppose 4*d - 8*d + 100 = 0. Suppose d = l - 5*i + 6, 59 = 4*l - 3*i. What is the remainder when 55 is divided by l?
13
Let g(v) = -13*v - 8. Let m(u) = 6*u + 4. Let i(j) = 3*g(j) + 5*m(j). Let y be i(-4). Suppose s = 18 + y. What is the remainder when s is divided by 17?
16
Suppose 0 = 3*d - 0*d - 18. Suppose 5*w = -3*j - 19, 0*w - 9 = 3*j + 3*w. Suppose 2*n = -j*n + 68. Calculate the remainder when n is divided by d.
5
Let c(k) = 25*k + 1. What is the remainder when c(2) is divided by 26?
25
Suppose y - 6*y = -2*z - 288, 5*y - 5*z - 300 = 0. Suppose 4 = -4*o + y. What is the remainder when o is divided by 7?
6
Suppose 59 = a + t, 2*t + 15 = -t. Suppose 0*w + 2*w - a = 0. Calculate the remainder when w is divided by 11.
10
Suppose 0 = 2*u - 3*u + 12. Suppose n + 3*n + 4 = 0. Let i(g) = 22*g**2 + 2*g + 1. Calculate the remainder when i(n) is divided by u.
9
Suppose s - 3*z - z = 0, 3*s - 22 = z. Suppose -4*f = -0*f - s. Suppose f*m - 3*m = -6. What is the remainder when 16 is divided by m?
4
Suppose 11*w - 19*w = -280. Calculate the remainder when w is divided by 22.
13
Suppose 74 + 11 = 5*x. Suppose p - 30 = -4*p. Calculate the remainder when x is divided by p.
5
Suppose 0*r + r = 30. What is the remainder when r is divided by 8?
6
Suppose 0 = -5*k + 23 - 3. Let t(a) = a - 1. Let c be t(6). Suppose 3*x = -x + 4, 20 = c*g + 5*x. What is the remainder when k is divided by g?
1
Let z = 9 - -110. Calculate the remainder when z is divided by 24.
23
Let o = 20 - 12. Let d(x) = -x**3 - 4*x**2 + 5*x. Let l be d(-5). Suppose l*a + 14 = a. What is the remainder when a is divided by o?
6
Let o(f) = 10*f**2 + f. Calculate the remainder when o(-1) is divided by 2/6 + 10/6.
1
Let i(b) = 127*b**2 + 4*b - 3. What is the remainder when i(1) is divided by 33?
29
Let q be 1 + (-2)/1 + -3. Let o(x) = -5*x - 6. Calculate the remainder when 40 is divided by o(q).
12
Suppose -2*j + 32 = 2*y, -44 = -4*j + 4*y - 3*y. Let w(m) = -9*m - 3. What is the remainder when w(-4) is divided by j?
9
Suppose -4*q - 4*t = q - 36, -2*q - t + 12 = 0. Let l be (q + -3)/(2/22). Let w = l + 1. What is the remainder when 34 is divided by w?
10
Let p(t) = -7*t - 14. Calculate the remainder when p(-8) is divided by 11.
9
Let u(t) = 4*t**2 + 2*t + 6. Let g be u(5). Let f = 174 - g. Let q(c) = 2*c**2 - 3*c. Calculate the remainder when f is divided by q(4).
18
Suppose -2*t + 8 = -3*l, -t + 0*t = 2*l - 18. What is the remainder when 28 is divided by t?
8
Let w(l) = -5*l - 20. What is the remainder when 56 is divided by w(-7)?
11
Suppose -a + 2*a = 107. Suppose 0 = -3*u - 3*v + 99, -a = -3*u - 0*u + v. Suppose -4*c - c + u = 0. What is the remainder when 20 is divided by c?
6
Let i(z) = z**2 + 3*z - 7. Let p(k) = 4*k + 2*k**2 - 7 - 4*k + 4*k. Let o(n) = -3*i(n) + 2*p(n). Calculate the remainder when o(0) is divided by 3.
1
Let q(a) = -a**3 - 10*a - 4*a + 19*a + 3 - 6*a**2. Calculate the remainder when q(-7) is divided by 4.
1
Suppose -4*h = -3*d + 4, 4*d + 2 = 2*h - 6. Calculate the remainder when 21 is divided by 12*-1*(d - -3).
9
Let j(k) = k**2 - 2*k + 10. Calculate the remainder when j(9) is divided by 19.
16
Let b = 13 + -1. Let g = 115 - 80. What is the remainder when g is divided by b?
11
Suppose 5*m + 88 = m. Let l = 33 + m. Suppose 4*u + 2*r = 80, 100 = 8*u - 3*u + 2*r. What is the remainder when u is divided by l?
9
Let m(a) = 3*a**2 - 3. Calculate the remainder when m(4) is divided by 12.
9
What is the remainder when 2 - (-25 + (3 - 2)) is divided by 7?
5
Suppose 3*s - 14 = -2. Suppose -5*b = s*d + 34, d = 2*b + 3 - 5. Let p(x) = -6*x + 4. Calculate the remainder when p(d) is divided by 14.
12
Let z(n) = n**3 + 4*n**2 + 2*n + 2. Calculate the remainder when 7 is divided by z(-3).
2
Suppose 2*t - l = -1, -3*l = -3*t + 6*t - 21. Suppose -t = -g + 1. Calculate the remainder when 5 is divided by g.
2
Suppose 0 = 3*i +